5*r + 1 + 6 = 2*v. Determine a(r).
-9
Let u(m) be the second derivative of -m**5/20 + m**4/3 + m**2/2 - 33*m. Determine u(4).
1
Suppose 4*k + 10 + 7 = s, 24 = -3*s - 3*k. Let l(j) = 4*j - 2. Let v(t) = 3*t - 2. Let r(o) = s*v(o) + 2*l(o). Give r(-6).
8
Let w = -5 + 7. Suppose 5 = -w*u - 5. Let x(j) = -j**3 - 4*j**2 + 4*j - 6. Calculate x(u).
-1
Let t(u) be the first derivative of 2*u**3/3 + u + 2. Let r(z) be the first derivative of t(z). Suppose 0 = 2*f + f - 6. Calculate r(f).
8
Let q(j) be the second derivative of -j**5/2 + j**3/3 - j**2/2 - j. Suppose -4*y + 22 = 2. Suppose -i = -y*h - 8 - 3, -h = 2. Calculate q(i).
-9
Let s(m) = -m + m**2 - 6*m + 3*m + m. Calculate s(3).
0
Let y(c) = -14*c**3 - 23*c**2 + 3*c. Let z(n) = 5*n**3 + 8*n**2 - n. Let j(w) = -6*y(w) - 17*z(w). Let b = -11 - -8. Let a be (18/(-54))/(1/b). Determine j(a).
0
Let z = 2 + -2. Suppose z = -0*s - s. Let b(d) = 2*d**2 - 4 - d**2 + 2. Determine b(s).
-2
Let v(o) = -o - 12. Let z = 37 - 48. What is v(z)?
-1
Let q(a) = 6*a + a**2 - 6*a. Let p(n) be the third derivative of -n**6/120 + n**5/20 + n**4/24 - n**3/6 + 2*n**2. Let u be p(3). Calculate q(u).
4
Let d be (-2 + 1)/((-1)/2). Let h(u) = 0*u**3 - 5*u**2 - 4*u**3 + 3*u**d + 4*u**2 - 1. What is h(1)?
-3
Let a(s) be the third derivative of s**2 + 0*s - 1/24*s**4 - 1/6*s**3 + 1/120*s**6 + 1/12*s**5 + 0. Determine a(-5).
4
Let x(f) be the second derivative of f**4/12 - f**3/2 + 3*f**2/2 - 8*f. Let y(s) = -s**2 - 5*s. Let v be y(-4). Calculate x(v).
7
Let x(l) be the first derivative of -2*l**2 - l - 10. Let w(t) = 1. Let g(n) = 2*w(n) + x(n). Suppose -j = -5*i + 13, 3 - 7 = 4*j - 4*i. Calculate g(j).
-7
Suppose 0*r = -4*r - 28. Let u(o) = o**2 + 6*o - 10. Let t be u(r). Let h(c) = -c - 2. Calculate h(t).
1
Let p(f) = -f**3 + 4*f**2 - 5*f + 5. Let v be p(2). Let l(i) = -2 + 0*i**2 - 2*i**2 + 3*i**2. Give l(v).
7
Suppose -4*i = -p - 6, -i + p - 8 = -4*p. Suppose 0*t = i*t + 4*f, 2*f = t. Suppose t*b = 2*b. Let s(u) = u + 9. Determine s(b).
9
Let m(p) = -p**3 + 2*p**2 - p - 2. Suppose 20 = 2*h + 12. Suppose h*c = c + 6. Determine m(c).
-4
Let z be (-28)/5 - (-2)/(-5). Let w(m) = -5*m**3 + 2*m**2 - 3*m - 7. Let o(v) = v**3 - 2*v**2 + v + 1. Let l(u) = 4*o(u) + w(u). What is l(z)?
-9
Let s(k) = k**2 + k + 3. Let j be s(0). Suppose -j*q + 2*q + 1 = -m, 4*m = -5*q - 22. Let y(z) = -6*z - 4. What is y(m)?
14
Let a(b) = b**2 + 2*b - 3. Suppose 2*o - 7*o + 10 = 0. Suppose 0 = -o*c + 12. Let m be (-2 - (-16)/c)*3. Determine a(m).
5
Let w(h) = -2*h**2 + 4*h + 1. Let z(i) = i**2 - 2*i - 1. Let g(c) = 2*w(c) + 5*z(c). What is g(7)?
32
Let a(b) = -b**2. Let r(l) = 3*l**2 + 3*l + 2. Let q(k) = 2*a(k) + r(k). Give q(-2).
0
Suppose 5*o = -16 + 46. Let n(v) be the third derivative of -1/3*v**3 - 1/12*v**5 + 1/120*v**o - v**2 + 1/6*v**4 + 0 + 0*v. Determine n(4).
-2
Let u(f) = -2*f**2 + 5*f - 1. Let m be 9/3*8/6. Calculate u(m).
-13
Let s(h) = h**3 + 3*h**2 + 4*h + 3. Suppose -6*t - 19 + 1 = 0. Determine s(t).
-9
Suppose 2*a - 6*a + 4*f - 36 = 0, 3*a = -f - 19. Let b = a - -7. Let d(r) = 0 + 1 - 6 + r**2. What is d(b)?
-5
Suppose 5*n + 3 = 18. Let v(z) = -z - n + 2*z - 3. Determine v(0).
-6
Let s(v) = 87 - 42 - 47 + v. Calculate s(2).
0
Let m = 30 - 36. Let i(q) = 3*q + 8. What is i(m)?
-10
Let p(s) be the second derivative of -s**3/2 + 3*s**2/2 + 18*s. Give p(6).
-15
Let l(q) be the second derivative of -q**4/12 + q**3/2 - 56*q. What is l(6)?
-18
Let z(t) be the second derivative of t**7/840 - t**6/72 + t**5/60 - t**4/12 + t**3/6 + 2*t. Let c(y) be the second derivative of z(y). Calculate c(4).
-10
Let p(h) = 4*h + 3 + h**3 - 5*h**2 + h**2 - 5. Suppose -4*w + 3*a + 4 = -0*a, -4*w = a - 4. Let v be 1 + (1 + 1 - w). What is p(v)?
-2
Suppose 0 = r - 0*r + 2*m - 19, -31 = -r - 5*m. Let y = r - 7. Let b(h) = 2 + 3*h**2 + 4*h - h**3 + 0 - 1. Determine b(y).
1
Let v(c) = -c**2 - 5*c - 5. Let h(d) = -2*d**2 - 9*d - 10. Let b(g) = -2*h(g) + 5*v(g). What is b(-4)?
7
Let f(y) = -3*y**2 - y**3 + 3 - 4*y**2 - 3*y**2 + 3*y**2. Give f(-7).
3
Let d(c) = -c. Let x(g) = -4*g**2 - g - 2. Let b(i) = -2*d(i) + x(i). What is b(2)?
-16
Let g(h) be the first derivative of -5*h**2/2 - h - 2. Determine g(2).
-11
Let t(k) = -k**3 + 6*k**2 - 13*k + 10. Let g(h) = 3*h**3 - 18*h**2 + 38*h - 29. Let r(i) = 6*g(i) + 17*t(i). Give r(4).
-8
Let v(j) = j**3 + 6*j**2 - j. Suppose m + 7 = 1. What is v(m)?
6
Let k(t) = 2 + 3 + t - 1. What is k(-7)?
-3
Let a be (-1)/((-8)/10 + (-1 - -2)). Let g(x) = -x - 3. Give g(a).
2
Let q(s) = s**3 - 6*s**2 - 6*s - 9. Let w(o) = -o**3 - 5*o**2 - 8*o - 9. Let l be w(-4). What is q(l)?
-2
Let c = 6 + -15. Let k be ((-12)/c)/(2/(-6)). Let n(s) = 7*s + 2 - s + s**2 - s. What is n(k)?
-2
Let b = 5 + 0. Let q(l) be the first derivative of l**4/4 - 5*l**3/3 + 4*l - 4. Give q(b).
4
Let d(s) = -2*s**2 + 3*s. Let r = -6 - -2. Let o = r + 4. Let m = o - -2. Give d(m).
-2
Let q(h) be the third derivative of 0 - h**3 + 5/24*h**4 + 0*h - h**2 + 1/60*h**5. Determine q(-5).
-6
Let b be (15/(-9))/(5/(-6)). Let m(q) be the first derivative of 0*q**b + 2 + q + 1/3*q**3. Determine m(-2).
5
Let a(k) = k**2 - 3*k - 4. Suppose b - z = 2*z + 10, 2*z = -b. Suppose l + 6 = -4*f, f - b*f - 4 = l. Suppose -l*o + 1 = -5. What is a(o)?
-4
Let v(h) = h**2 - 6*h + 3. Suppose -o + 0 + 2 = 0. Suppose 5*m + o*c = -4, 3*c + 8 = -2*m - c. Let t be 4/(m + (1 - 0)). Calculate v(t).
-5
Let o = 8 + -7. Let g(f) = f - 1 - 2 - 3 - o. Calculate g(0).
-7
Let v(r) = -r**3 - 5*r**2 + 4*r - 3. Let b(m) = 6*m**3 + 25*m**2 - 20*m + 14. Let x(z) = 2*b(z) + 11*v(z). Give x(4).
-5
Let o(x) be the second derivative of -2*x - 1/12*x**4 + 0 + 0*x**2 + 1/3*x**3 + 1/120*x**5. Let z(w) be the second derivative of o(w). Determine z(5).
3
Let m(w) be the second derivative of -w**2 - 1/6*w**3 + 1/24*w**4 + 0 - 2*w. Let v(k) be the first derivative of m(k). Determine v(1).
0
Let x = -6 - -10. Suppose -3*z = l + x, -l = 5*z + 7 - 1. Let t(p) = 4 + 5*p**3 + p**2 - 5 + 0 + 0. Calculate t(l).
-5
Let d(x) = 2*x**3 - 3*x**3 + 16*x - 9*x - 1 - 8*x**2 + 2*x**3. Give d(7).
-1
Let y(q) = 25*q - 1. Let r be y(1). Suppose -5*u = 2*p + r, -4*p + 5*p = -2. Let n(z) = z**3 + 5*z**2 + 2*z - 5. What is n(u)?
3
Let w(n) = -n**3 + 3*n**2 - n - 1. Let o be w(2). Let l(z) = -1 + 0*z + o - 2*z + 4. Give l(4).
-4
Let k = -3 - 1. Let d be k/16 - (-1)/4. Let n be (-2)/3*(d - -3). Let g(w) = -2*w - 3. What is g(n)?
1
Let x(o) be the third derivative of -o**4/12 + o**3/3 + o**2 - 29*o. Calculate x(-7).
16
Let u(f) be the first derivative of 1/2*f**2 + 5 - 7*f. Determine u(4).
-3
Let o(a) = a**3 + 2*a**2 - 3*a + 1. Suppose 5*c = -5*m + 2*c + 10, 2*m - 5*c = 35. Let u = 2 - m. Determine o(u).
1
Let j(t) be the first derivative of t**5/60 + t**4/24 - t**3 - 2. Let h(d) be the third derivative of j(d). Give h(2).
5
Let u(t) = -2*t**3 - 2*t + 1. Let s be u(1). Let g(f) = -2*f - 4. What is g(s)?
2
Let u(j) be the first derivative of 5*j + 3 - 1/2*j**2. What is u(5)?
0
Let k = -4 - -4. Let p(n) = -n**2 + n + 4. Let t be p(k). Let x(b) = -3*b - 3*b**2 + 1 + b + t*b. Give x(2).
-7
Let c(f) be the third derivative of f**5/60 - f**3/3 - 3*f**2. Let k(z) = z**3. Let u(x) = c(x) - k(x). Give u(2).
-6
Let h = -49 + 58. Let y(x) = x**3 - 9*x**2 + x - 3. Determine y(h).
6
Let b(l) = 5 - 3 - 2*l - 2 - 3. What is b(-6)?
9
Let l(v) = -16*v**3 - v. Let m(p) = 2*p**2 + p - 1. Let d be m(0). Determine l(d).
17
Let l(h) = 2*h**2 - h + 2. Let z(w) = w**2 + 1. Let n(v) = l(v) - 4*z(v). Let c(o) = o**3 + o**2 - 2*o + 10. Let g be c(-3). Determine n(g).
-8
Suppose 0 = -5*a + 2*z + 13, -2*a + 9 = 7*z - 4*z. Let n(v) = -v**2 + v + 2. Determine n(a).
-4
Let f be 0 + -4 + -2 + 6. Let y(o) = o**2 - 2*o - 3. Let m be y(3). Let z(j) = -j + 5 - 1 - j**3 + m*j. What is z(f)?
4
Let x(a) = 1 + 5 + 3 + 2*a. Suppose -k - 7 = -0*k. Calculate x(k).
-5
Suppose -8 = 3*s + 4, -2*f - s = 0. Let l(i) = i**2 + 17*i + 55. Let r be l(-13). Let t(u) = -4*u - 4*u - f + 6*u + r*u. Give t(-2).
-4
Suppose 0 = -3*j + 5 + 10. Let r(s) = s**3 - 5*s**2 - 5*s + 1. Let h(x) = -x**3 + 5*x**2 + 6*x. Let u(g) = -5*h(g) - 6*r(g). Determine u(j).
-6
Suppose -4*f = -2*x - 2, 5*x - 6 = 3*f + 3. Suppose -f*i + 0 = 6. Let h(y) = 3*y + 2. Calculate h(i).
-7
Let o be 21/6 - (-4)/8. Let r(f) = -4*f 